[INFO] cloning repository https://github.com/anosatsuk124/viteditor-rs
[INFO] running `Command { std: "git" "-c" "credential.helper=" "-c" "credential.helper=/workspace/cargo-home/bin/git-credential-null" "clone" "--bare" "https://github.com/anosatsuk124/viteditor-rs" "/workspace/cache/git-repos/https%3A%2F%2Fgithub.com%2Fanosatsuk124%2Fviteditor-rs", kill_on_drop: false }`
[INFO] [stderr] Cloning into bare repository '/workspace/cache/git-repos/https%3A%2F%2Fgithub.com%2Fanosatsuk124%2Fviteditor-rs'...
[INFO] running `Command { std: "git" "rev-parse" "HEAD", kill_on_drop: false }`
[INFO] [stdout] 70a524de26290afb1b59f4c8abad883f93488e75
[INFO] checking anosatsuk124/viteditor-rs against master#e6e4f7ed1589e03bc2f6c5931c1a72e7947e8682 for beta-170-4
[INFO] running `Command { std: "git" "clone" "/workspace/cache/git-repos/https%3A%2F%2Fgithub.com%2Fanosatsuk124%2Fviteditor-rs" "/workspace/builds/worker-3-tc2/source", kill_on_drop: false }`
[INFO] [stderr] Cloning into '/workspace/builds/worker-3-tc2/source'...
[INFO] [stderr] done.
[INFO] validating manifest of git repo https://github.com/anosatsuk124/viteditor-rs on toolchain e6e4f7ed1589e03bc2f6c5931c1a72e7947e8682
[INFO] running `Command { std: CARGO_HOME="/workspace/cargo-home" RUSTUP_HOME="/workspace/rustup-home" "/workspace/cargo-home/bin/cargo" "+e6e4f7ed1589e03bc2f6c5931c1a72e7947e8682" "metadata" "--manifest-path" "Cargo.toml" "--no-deps", kill_on_drop: false }`
[INFO] started tweaking git repo https://github.com/anosatsuk124/viteditor-rs
[INFO] finished tweaking git repo https://github.com/anosatsuk124/viteditor-rs
[INFO] tweaked toml for git repo https://github.com/anosatsuk124/viteditor-rs written to /workspace/builds/worker-3-tc2/source/Cargo.toml
[INFO] crate git repo https://github.com/anosatsuk124/viteditor-rs already has a lockfile, it will not be regenerated
[INFO] running `Command { std: CARGO_HOME="/workspace/cargo-home" RUSTUP_HOME="/workspace/rustup-home" "/workspace/cargo-home/bin/cargo" "+e6e4f7ed1589e03bc2f6c5931c1a72e7947e8682" "fetch" "--manifest-path" "Cargo.toml", kill_on_drop: false }`
[INFO] [stderr] warning: profiles for the non root package will be ignored, specify profiles at the workspace root:
[INFO] [stderr] package:   /workspace/builds/worker-3-tc2/source/web/web-ui/Cargo.toml
[INFO] [stderr] workspace: /workspace/builds/worker-3-tc2/source/Cargo.toml
[INFO] running `Command { std: "docker" "create" "-v" "/var/lib/crater-agent-workspace/builds/worker-3-tc2/target:/opt/rustwide/target:rw,Z" "-v" "/var/lib/crater-agent-workspace/builds/worker-3-tc2/source:/opt/rustwide/workdir:ro,Z" "-v" "/var/lib/crater-agent-workspace/cargo-home:/opt/rustwide/cargo-home:ro,Z" "-v" "/var/lib/crater-agent-workspace/rustup-home:/opt/rustwide/rustup-home:ro,Z" "-e" "SOURCE_DIR=/opt/rustwide/workdir" "-e" "CARGO_TARGET_DIR=/opt/rustwide/target" "-e" "CARGO_HOME=/opt/rustwide/cargo-home" "-e" "RUSTUP_HOME=/opt/rustwide/rustup-home" "-w" "/opt/rustwide/workdir" "-m" "1610612736" "--user" "0:0" "--network" "none" "ghcr.io/rust-lang/crates-build-env/linux@sha256:5ff2268d62e97bff2cde7d5815dd6ed5b47097566f13b8d0ca110b04b60e07ed" "/opt/rustwide/cargo-home/bin/cargo" "+e6e4f7ed1589e03bc2f6c5931c1a72e7947e8682" "metadata" "--no-deps" "--format-version=1", kill_on_drop: false }`
[INFO] [stdout] a82157db84ecdf385cd827a39606a718d4c95324784b91788045b9132750c653
[INFO] running `Command { std: "docker" "start" "-a" "a82157db84ecdf385cd827a39606a718d4c95324784b91788045b9132750c653", kill_on_drop: false }`
[INFO] running `Command { std: "docker" "inspect" "a82157db84ecdf385cd827a39606a718d4c95324784b91788045b9132750c653", kill_on_drop: false }`
[INFO] running `Command { std: "docker" "rm" "-f" "a82157db84ecdf385cd827a39606a718d4c95324784b91788045b9132750c653", kill_on_drop: false }`
[INFO] [stdout] a82157db84ecdf385cd827a39606a718d4c95324784b91788045b9132750c653
[INFO] running `Command { std: "docker" "create" "-v" "/var/lib/crater-agent-workspace/builds/worker-3-tc2/target:/opt/rustwide/target:rw,Z" "-v" "/var/lib/crater-agent-workspace/builds/worker-3-tc2/source:/opt/rustwide/workdir:ro,Z" "-v" "/var/lib/crater-agent-workspace/cargo-home:/opt/rustwide/cargo-home:ro,Z" "-v" "/var/lib/crater-agent-workspace/rustup-home:/opt/rustwide/rustup-home:ro,Z" "-e" "SOURCE_DIR=/opt/rustwide/workdir" "-e" "CARGO_TARGET_DIR=/opt/rustwide/target" "-e" "CARGO_INCREMENTAL=0" "-e" "RUST_BACKTRACE=full" "-e" "RUSTFLAGS=--cap-lints=forbid" "-e" "RUSTDOCFLAGS=--cap-lints=forbid" "-e" "CARGO_HOME=/opt/rustwide/cargo-home" "-e" "RUSTUP_HOME=/opt/rustwide/rustup-home" "-w" "/opt/rustwide/workdir" "-m" "1610612736" "--user" "0:0" "--network" "none" "ghcr.io/rust-lang/crates-build-env/linux@sha256:5ff2268d62e97bff2cde7d5815dd6ed5b47097566f13b8d0ca110b04b60e07ed" "/opt/rustwide/cargo-home/bin/cargo" "+e6e4f7ed1589e03bc2f6c5931c1a72e7947e8682" "check" "--frozen" "--all" "--all-targets" "--message-format=json", kill_on_drop: false }`
[INFO] [stdout] 72b9b1f3dd60f32faaea2185b1438995b75988e604e9dd4e536d84c12f71b605
[INFO] running `Command { std: "docker" "start" "-a" "72b9b1f3dd60f32faaea2185b1438995b75988e604e9dd4e536d84c12f71b605", kill_on_drop: false }`
[INFO] [stderr] warning: profiles for the non root package will be ignored, specify profiles at the workspace root:
[INFO] [stderr] package:   /opt/rustwide/workdir/web/web-ui/Cargo.toml
[INFO] [stderr] workspace: /opt/rustwide/workdir/Cargo.toml
[INFO] [stderr]    Compiling syn v1.0.98
[INFO] [stderr]    Compiling wasm-bindgen-shared v0.2.81
[INFO] [stderr]    Compiling log v0.4.17
[INFO] [stderr]    Compiling bumpalo v3.10.0
[INFO] [stderr]    Compiling wasm-bindgen v0.2.81
[INFO] [stderr]     Checking viteditor-rs v0.1.0 (/opt/rustwide/workdir)
[INFO] [stderr]     Checking numtoa v0.1.0
[INFO] [stderr]    Compiling wasm-bindgen-test-macro v0.3.31
[INFO] [stderr]     Checking scoped-tls v1.0.0
[INFO] [stderr]     Checking termion v1.5.6
[INFO] [stderr]     Checking tui v0.1.0 (/opt/rustwide/workdir/tui)
[INFO] [stdout] warning: unused import: `Stdin`
[INFO] [stdout]  --> tui/src/main.rs:4:31
[INFO] [stdout]   |
[INFO] [stdout] 4 |     io::{stdin, stdout, Read, Stdin, Write},
[INFO] [stdout]   |                               ^^^^^
[INFO] [stdout]   |
[INFO] [stdout]   = note: `#[warn(unused_imports)]` on by default
[INFO] [stdout] 
[INFO] [stdout] 
[INFO] [stdout] warning: unused imports: `Cursor`, `Words`
[INFO] [stdout]   --> tui/src/main.rs:18:42
[INFO] [stdout]    |
[INFO] [stdout] 18 |     accessor_impl, words_parser::parser, Cursor, Editor, KeyEvent, Position, State, Viteditor,
[INFO] [stdout]    |                                          ^^^^^^
[INFO] [stdout] 19 |     Words,
[INFO] [stdout]    |     ^^^^^
[INFO] [stdout] 
[INFO] [stdout] 
[INFO] [stdout] warning: unused import: `Stdin`
[INFO] [stdout]  --> tui/src/main.rs:4:31
[INFO] [stdout]   |
[INFO] [stdout] 4 |     io::{stdin, stdout, Read, Stdin, Write},
[INFO] [stdout]   |                               ^^^^^
[INFO] [stdout]   |
[INFO] [stdout]   = note: `#[warn(unused_imports)]` on by default
[INFO] [stdout] 
[INFO] [stdout] 
[INFO] [stdout] warning: unused imports: `Cursor`, `Words`
[INFO] [stdout]   --> tui/src/main.rs:18:42
[INFO] [stdout]    |
[INFO] [stdout] 18 |     accessor_impl, words_parser::parser, Cursor, Editor, KeyEvent, Position, State, Viteditor,
[INFO] [stdout]    |                                          ^^^^^^
[INFO] [stdout] 19 |     Words,
[INFO] [stdout]    |     ^^^^^
[INFO] [stdout] 
[INFO] [stdout] 
[INFO] [stdout] warning: 2 warnings emitted
[INFO] [stdout] 
[INFO] [stdout] 
[INFO] [stdout] warning: 2 warnings emitted
[INFO] [stdout] 
[INFO] [stdout] 
[INFO] [stderr]    Compiling wasm-bindgen-backend v0.2.81
[INFO] [stderr]    Compiling wasm-bindgen-macro-support v0.2.81
[INFO] [stderr]    Compiling wasm-bindgen-macro v0.2.81
[INFO] [stderr]     Checking js-sys v0.3.58
[INFO] [stderr]     Checking console_error_panic_hook v0.1.7
[INFO] [stderr]     Checking web-sys v0.3.58
[INFO] [stderr]     Checking wasm-bindgen-futures v0.4.31
[INFO] [stderr]     Checking wasm-bindgen-test v0.3.31
[INFO] [stderr]     Checking web-ui v0.1.0 (/opt/rustwide/workdir/web/web-ui)
[INFO] [stdout] warning: unused import: `js_sys::Reflect`
[INFO] [stdout]  --> web/web-ui/src/lib.rs:1:5
[INFO] [stdout]   |
[INFO] [stdout] 1 | use js_sys::Reflect;
[INFO] [stdout]   |     ^^^^^^^^^^^^^^^
[INFO] [stdout]   |
[INFO] [stdout]   = note: `#[warn(unused_imports)]` on by default
[INFO] [stdout] 
[INFO] [stdout] 
[INFO] [stdout] warning: unused imports: `Blob`, `ConsoleEvent`, `Event`, `FileReaderSync`, `console`
[INFO] [stdout]  --> web/web-ui/src/lib.rs:7:15
[INFO] [stdout]   |
[INFO] [stdout] 7 | use web_sys::{console, Blob, CanvasRenderingContext2d, ConsoleEvent, Event, FileReaderSync};
[INFO] [stdout]   |               ^^^^^^^  ^^^^                            ^^^^^^^^^^^^  ^^^^^  ^^^^^^^^^^^^^^
[INFO] [stdout] 
[INFO] [stdout] 
[INFO] [stdout] warning: unused import: `js_sys::Reflect`
[INFO] [stdout]  --> web/web-ui/src/lib.rs:1:5
[INFO] [stdout]   |
[INFO] [stdout] 1 | use js_sys::Reflect;
[INFO] [stdout]   |     ^^^^^^^^^^^^^^^
[INFO] [stdout]   |
[INFO] [stdout]   = note: `#[warn(unused_imports)]` on by default
[INFO] [stdout] 
[INFO] [stdout] 
[INFO] [stdout] warning: unused imports: `Blob`, `ConsoleEvent`, `Event`, `FileReaderSync`, `console`
[INFO] [stdout]  --> web/web-ui/src/lib.rs:7:15
[INFO] [stdout]   |
[INFO] [stdout] 7 | use web_sys::{console, Blob, CanvasRenderingContext2d, ConsoleEvent, Event, FileReaderSync};
[INFO] [stdout]   |               ^^^^^^^  ^^^^                            ^^^^^^^^^^^^  ^^^^^  ^^^^^^^^^^^^^^
[INFO] [stdout] 
[INFO] [stdout] 
[INFO] [stdout] error[E0046]: not all trait items implemented, missing: `get_buf_len`, `get_buf_get`, `get_row_offset`, `set_row_offset`, `get_state`, `set_state`, `get_cursor_pos_column`, `set_cursor_pos_column`, `get_cursor_pos_row`, `set_cursor_pos_row`, `event_loop`
[INFO] [stdout]   --> web/web-ui/src/lib.rs:17:1
[INFO] [stdout]    |
[INFO] [stdout] 17 | impl Editor for WebEditor {
[INFO] [stdout]    | ^^^^^^^^^^^^^^^^^^^^^^^^^ missing `get_buf_len`, `get_buf_get`, `get_row_offset`, `set_row_offset`, `get_state`, `set_state`, `get_cursor_pos_column`, `set_cursor_pos_column`, `get_cursor_pos_row`, `set_cursor_pos_row`, `event_loop` in implementation
[INFO] [stdout]    |
[INFO] [stdout]    = help: implement the missing item: `fn get_buf_len(&self) -> usize { todo!() }`
[INFO] [stdout]    = help: implement the missing item: `fn get_buf_get(&self, _: usize) -> Vec<char> { todo!() }`
[INFO] [stdout]    = help: implement the missing item: `fn get_row_offset(&self) -> usize { todo!() }`
[INFO] [stdout]    = help: implement the missing item: `fn set_row_offset(&mut self, _: usize) { todo!() }`
[INFO] [stdout]    = help: implement the missing item: `fn get_state(&self) -> State { todo!() }`
[INFO] [stdout]    = help: implement the missing item: `fn set_state(&mut self, _: State) { todo!() }`
[INFO] [stdout]    = help: implement the missing item: `fn get_cursor_pos_column(&self) -> usize { todo!() }`
[INFO] [stdout]    = help: implement the missing item: `fn set_cursor_pos_column(&mut self, _: usize) { todo!() }`
[INFO] [stdout]    = help: implement the missing item: `fn get_cursor_pos_row(&self) -> usize { todo!() }`
[INFO] [stdout]    = help: implement the missing item: `fn set_cursor_pos_row(&mut self, _: usize) { todo!() }`
[INFO] [stdout]    = help: implement the missing item: `fn event_loop<T, R>(&mut self, _: R, _: &mut T) where T: std::io::Write, R: std::io::Read { todo!() }`
[INFO] [stdout] 
[INFO] [stdout] 
[INFO] [stdout] error[E0046]: not all trait items implemented, missing: `get_buf_len`, `get_buf_get`, `get_row_offset`, `set_row_offset`, `get_state`, `set_state`, `get_cursor_pos_column`, `set_cursor_pos_column`, `get_cursor_pos_row`, `set_cursor_pos_row`, `event_loop`
[INFO] [stdout]   --> web/web-ui/src/lib.rs:17:1
[INFO] [stdout]    |
[INFO] [stdout] 17 | impl Editor for WebEditor {
[INFO] [stdout]    | ^^^^^^^^^^^^^^^^^^^^^^^^^ missing `get_buf_len`, `get_buf_get`, `get_row_offset`, `set_row_offset`, `get_state`, `set_state`, `get_cursor_pos_column`, `set_cursor_pos_column`, `get_cursor_pos_row`, `set_cursor_pos_row`, `event_loop` in implementation
[INFO] [stdout]    |
[INFO] [stdout]    = help: implement the missing item: `fn get_buf_len(&self) -> usize { todo!() }`
[INFO] [stdout]    = help: implement the missing item: `fn get_buf_get(&self, _: usize) -> Vec<char> { todo!() }`
[INFO] [stdout]    = help: implement the missing item: `fn get_row_offset(&self) -> usize { todo!() }`
[INFO] [stdout]    = help: implement the missing item: `fn set_row_offset(&mut self, _: usize) { todo!() }`
[INFO] [stdout]    = help: implement the missing item: `fn get_state(&self) -> State { todo!() }`
[INFO] [stdout]    = help: implement the missing item: `fn set_state(&mut self, _: State) { todo!() }`
[INFO] [stdout]    = help: implement the missing item: `fn get_cursor_pos_column(&self) -> usize { todo!() }`
[INFO] [stdout]    = help: implement the missing item: `fn set_cursor_pos_column(&mut self, _: usize) { todo!() }`
[INFO] [stdout]    = help: implement the missing item: `fn get_cursor_pos_row(&self) -> usize { todo!() }`
[INFO] [stdout]    = help: implement the missing item: `fn set_cursor_pos_row(&mut self, _: usize) { todo!() }`
[INFO] [stdout]    = help: implement the missing item: `fn event_loop<T, R>(&mut self, _: R, _: &mut T) where T: std::io::Write, R: std::io::Read { todo!() }`
[INFO] [stdout] 
[INFO] [stdout] 
[INFO] [stdout] error[E0277]: the trait bound `Viteditor: std::io::Write` is not satisfied
[INFO] [stdout]    --> web/web-ui/src/lib.rs:96:35
[INFO] [stdout]     |
[INFO] [stdout] 96  |     WebEditor::draw(&mut context, &mut state);
[INFO] [stdout]     |     ---------------               ^^^^^^^^^^ the trait `std::io::Write` is not implemented for `Viteditor`
[INFO] [stdout]     |     |
[INFO] [stdout]     |     required by a bound introduced by this call
[INFO] [stdout]     |
[INFO] [stdout] note: required by a bound in `draw`
[INFO] [stdout]    --> /opt/rustwide/workdir/src/lib.rs:212:16
[INFO] [stdout]     |
[INFO] [stdout] 212 |     fn draw<T: Write>(&mut self, out: &mut T) {
[INFO] [stdout]     |                ^^^^^ required by this bound in `Editor::draw`
[INFO] [stdout] 
[INFO] [stdout] 
[INFO] [stdout] error[E0277]: the trait bound `Viteditor: std::io::Write` is not satisfied
[INFO] [stdout]    --> web/web-ui/src/lib.rs:96:35
[INFO] [stdout]     |
[INFO] [stdout] 96  |     WebEditor::draw(&mut context, &mut state);
[INFO] [stdout]     |     ---------------               ^^^^^^^^^^ the trait `std::io::Write` is not implemented for `Viteditor`
[INFO] [stdout]     |     |
[INFO] [stdout]     |     required by a bound introduced by this call
[INFO] [stdout]     |
[INFO] [stdout] note: required by a bound in `draw`
[INFO] [stdout]    --> /opt/rustwide/workdir/src/lib.rs:212:16
[INFO] [stdout]     |
[INFO] [stdout] 212 |     fn draw<T: Write>(&mut self, out: &mut T) {
[INFO] [stdout]     |                ^^^^^ required by this bound in `Editor::draw`
[INFO] [stdout] 
[INFO] [stdout] 
[INFO] [stdout] error[E0308]: mismatched types
[INFO] [stdout]    --> web/web-ui/src/lib.rs:96:21
[INFO] [stdout]     |
[INFO] [stdout] 96  |     WebEditor::draw(&mut context, &mut state);
[INFO] [stdout]     |     --------------- ^^^^^^^^^^^^ expected `&mut WebEditor`, found `&mut Ctx`
[INFO] [stdout]     |     |
[INFO] [stdout]     |     arguments to this function are incorrect
[INFO] [stdout]     |
[INFO] [stdout]     = note: expected mutable reference `&mut WebEditor`
[INFO] [stdout]                found mutable reference `&mut Ctx`
[INFO] [stdout] note: method defined here
[INFO] [stdout]    --> /opt/rustwide/workdir/src/lib.rs:212:8
[INFO] [stdout]     |
[INFO] [stdout] 212 |     fn draw<T: Write>(&mut self, out: &mut T) {
[INFO] [stdout]     |        ^^^^
[INFO] [stdout] 
[INFO] [stdout] 
[INFO] [stdout] error[E0308]: mismatched types
[INFO] [stdout]    --> web/web-ui/src/lib.rs:96:21
[INFO] [stdout]     |
[INFO] [stdout] 96  |     WebEditor::draw(&mut context, &mut state);
[INFO] [stdout]     |     --------------- ^^^^^^^^^^^^ expected `&mut WebEditor`, found `&mut Ctx`
[INFO] [stdout]     |     |
[INFO] [stdout]     |     arguments to this function are incorrect
[INFO] [stdout]     |
[INFO] [stdout]     = note: expected mutable reference `&mut WebEditor`
[INFO] [stdout]                found mutable reference `&mut Ctx`
[INFO] [stdout] note: method defined here
[INFO] [stdout]    --> /opt/rustwide/workdir/src/lib.rs:212:8
[INFO] [stdout]     |
[INFO] [stdout] 212 |     fn draw<T: Write>(&mut self, out: &mut T) {
[INFO] [stdout]     |        ^^^^
[INFO] [stdout] 
[INFO] [stdout] 
[INFO] [stdout] error: aborting due to 3 previous errors; 2 warnings emitted
[INFO] [stdout] 
[INFO] [stdout] 
[INFO] [stdout] Some errors have detailed explanations: E0046, E0277, E0308.
[INFO] [stdout] 
[INFO] [stdout] For more information about an error, try `rustc --explain E0046`.
[INFO] [stdout] 
[INFO] [stdout] error: aborting due to 3 previous errors; 2 warnings emitted
[INFO] [stdout] 
[INFO] [stdout] 
[INFO] [stderr] error: could not compile `web-ui` (lib test) due to 4 previous errors; 2 warnings emitted
[INFO] [stderr] warning: build failed, waiting for other jobs to finish...
[INFO] [stdout] Some errors have detailed explanations: E0046, E0277, E0308.
[INFO] [stdout] 
[INFO] [stdout] For more information about an error, try `rustc --explain E0046`.
[INFO] [stdout] 
[INFO] [stderr] error: could not compile `web-ui` (lib) due to 4 previous errors; 2 warnings emitted
[INFO] running `Command { std: "docker" "inspect" "72b9b1f3dd60f32faaea2185b1438995b75988e604e9dd4e536d84c12f71b605", kill_on_drop: false }`
[INFO] running `Command { std: "docker" "rm" "-f" "72b9b1f3dd60f32faaea2185b1438995b75988e604e9dd4e536d84c12f71b605", kill_on_drop: false }`
[INFO] [stdout] 72b9b1f3dd60f32faaea2185b1438995b75988e604e9dd4e536d84c12f71b605
